 c(h) = -h**3 - 4*h**2 + 3*h + 3. Give c(q).
-9
Let q = 39 + -39. Let p(r) = r + 3. Calculate p(q).
3
Let j(s) = -3 - 3 + 0 - s. Determine j(-6).
0
Let f(j) = j - 8. Let p(b) = -5*b - b + 4*b + 3*b. Let k(a) = f(a) + p(a). Determine k(6).
4
Let x(s) = -s**3 - 5*s**2 - s - 6. Let g be x(-5). Let a(q) be the third derivative of 1/24*q**4 + 0*q + 1/3*q**3 + 2*q**2 + 0. What is a(g)?
1
Let m be -3 + (6/3)/(-2). Let p(w) = 3*w + 5. Determine p(m).
-7
Let d(u) be the first derivative of -2*u**3/3 - 2*u**2 - 3. Give d(-3).
-6
Let g(t) = 3*t**3 + 4 - 3 - 3*t**2 + 6*t - 4*t**3. What is g(-4)?
-7
Let s(o) = o + 15*o**3 - o**2 + 5 - 2*o - 2 - 2. Give s(1).
14
Let b(m) = -3*m**2. Suppose -5*f + 4*o + 35 = -o, 0 = 5*o. Let i = -6 + f. Determine b(i).
-3
Let d(z) = -z**3 + 5*z**2 - 6*z + 4. Let r(b) = -5*b**3 + 26*b**2 - 31*b + 21. Let o(k) = 11*d(k) - 2*r(k). Determine o(3).
-10
Let v(u) = u. Let s(x) be the third derivative of -x**5/60 - x**4/12 - x**3/2 - 2*x**2. Let i(m) = -s(m) + v(m). What is i(-2)?
1
Let l(x) = x**2 + 7*x + 9. Let d be l(-6). Let c(s) = -d + 2*s + 4*s + s - 4*s. Calculate c(3).
6
Let h(q) be the second derivative of 0 + 1/12*q**4 - 1/2*q**2 + 2/3*q**3 + 3*q. What is h(-3)?
-4
Let a be -1*4/(-8)*8. Let n(i) = i**2 - 3*i + 2. Calculate n(a).
6
Let n be ((-2)/(-3))/(6/(-45)). Let x(s) = s**2 + 4*s - 5. Give x(n).
0
Let r = -1 - -4. Let x(t) = 2 - 30*t + 5*t + 25*t - t**2. Calculate x(r).
-7
Let v = 59 - 46. Let a(w) = -w + 17. What is a(v)?
4
Let u(v) be the third derivative of -v**5/60 + v**4/24 + v**3/3 - 2*v**2. Let f be u(-2). Let c(w) = -w**3 - 5*w**2 - 5*w. Give c(f).
4
Let r(u) = 2*u - 3. Let p(b) = b - 2. Let s(z) = 5*p(z) - 3*r(z). What is s(-6)?
5
Suppose 6*r = 2*r + 32. Suppose -4*j - r = -4*y - 0*j, 4*j = y - 2. Let b(o) = -5*o**2 - o. Let h(g) = -g**2. Let t(f) = 2*b(f) - 11*h(f). Calculate t(y).
0
Suppose x - 3*q = -2*q + 2, x = 2*q + 2. Let p(g) = -g**x - 2*g + 4 - 3 + 1 - 3. Determine p(-1).
0
Let x(f) be the second derivative of 0 + 1/2*f**2 + 0*f**3 - 1/20*f**5 - 1/12*f**4 + 2*f. Give x(-1).
1
Let p be (-2)/5 + (-2)/(-5). Suppose -s + p*s = 2. Let l(h) = 3*h - 2. Let j(c) = -7*c + 4. Let y(o) = 2*j(o) + 5*l(o). Give y(s).
-4
Let f(x) be the third derivative of -x**8/6720 - x**7/840 + x**6/180 + x**5/60 + 7*x**4/24 - 5*x**2. Let r(n) be the second derivative of f(n). Give r(-3).
-10
Let k = 5 + -2. Let b(x) = -5*x - 3*x**2 + 4 + x**k + x**3 + x**3 - 2*x**3. Let j be ((-3)/(-2))/(1/2). Give b(j).
-11
Let j(v) = v**2 - 4*v. Suppose 3*o + 20 = 8*o, 3*c + 5*o - 23 = 0. Let d(n) = n. Let x(q) = c*j(q) + 6*d(q). Determine x(-2).
0
Suppose -3*v - v = -8. Let u be v/(-10) + (-8)/10. Let l = 2 + u. Let h(w) = 3*w + 1. Give h(l).
4
Let b(y) be the second derivative of -y**5/60 - y**4/6 - y**3/3 + 3*y. Let p(u) be the second derivative of b(u). What is p(-5)?
6
Suppose x + 3 + 0 = 0. Let z(c) be the first derivative of c**6/360 + c**5/40 - c**4/12 + c**3/3 - 3. Let f(g) be the third derivative of z(g). Calculate f(x).
-2
Let c = 9 - 12. Let h(p) = p**3 + 2*p**2 - p + 1. Determine h(c).
-5
Let d(n) be the first derivative of -3*n**2 - 5 + 1/3*n**3 + 7*n. What is d(5)?
2
Let c(i) = 7*i + 8*i**2 - 3*i**3 + 10 + 3*i**3 + i**3 - 18. What is c(-6)?
22
Let n = 15 - 15. Let c be (n + -2)/(-1 + 0). Let z(g) = g**2 - 6*g + 3. What is z(c)?
-5
Let c(y) be the second derivative of -y**5/20 + y**4/4 - y**3/2 - y**2/2 + 6*y. Calculate c(3).
-10
Let c(j) = -j**3 - j. Let z(d) be the first derivative of d**3/3 + 3*d**2 - 5*d + 1. Let b be z(-9). Let o be 26/b + (-8)/44. Give c(o).
-2
Let p(s) be the second derivative of -s**8/6720 - s**7/315 - s**6/120 + s**5/30 - 3*s**4/4 - 5*s. Let x(v) be the third derivative of p(v). Give x(-7).
-3
Let r(w) be the third derivative of 0*w - 1/120*w**6 + 0*w**3 + 1/15*w**5 + 0 - 1/24*w**4 + 4*w**2. Calculate r(4).
-4
Let v(w) = 2*w - 4. Suppose -q = 5 - 10. Determine v(q).
6
Let f(g) be the third derivative of 1/12*g**4 + 1/30*g**5 + 8*g**2 + 0 + 1/6*g**3 + 0*g + 3/40*g**6. Calculate f(-1).
-8
Let v(f) be the second derivative of 1/2*f**3 - 1/12*f**4 - 5/2*f**2 + 2*f + 0. Calculate v(4).
-9
Let a be (-4 + 5)*(-3 + 1). Let t(m) be the first derivative of m**4/4 - m**3/3 - m**2 + m + 13. Determine t(a).
-7
Let z be (-6)/(4/2) + 7. Let x(b) = -28*b - z + 32*b - 2*b**2 + 1. Calculate x(3).
-9
Let v(m) = -m**2 + m + 1. Let j(p) = 5*p + 7. Let t(n) = j(n) - 6*v(n). Let a be t(1). Let x(i) = i**3 - i**2 + i + 2*i**2 + a - 2*i**2. Give x(0).
6
Let s(h) = -3*h**2 + 2*h - 2. Let c(n) = -8*n**2 + 7*n - 6. Let u(m) = 4*c(m) - 11*s(m). Let t be (0/(-2) - -3) + 1. Let v be t/18 + (-517)/99. What is u(v)?
-7
Suppose -22 = -2*u + 16. Let o = -15 + u. Let j(x) = -x + 5. Calculate j(o).
1
Let v(u) = -u**2 + 3*u. Let f(r) = -r**3 + 9*r**2 - 7*r - 3. Let q be f(8). Give v(q).
-10
Let m = -6 - -9. Let v(u) = u - 3*u + u**m - u**2 + 5*u**2 + u. Suppose 0 - 16 = 4*j. Calculate v(j).
4
Let v be ((-2)/(-5))/((-1)/(-5)). Let m(a) = -4 - v*a**2 - a + 2*a**2 + a**2 - 2*a**2. Determine m(0).
-4
Let a(u) = -15*u**2 + 17*u - 15. Let s(w) = -7*w**2 + 8*w - 7. Let n(v) = -6*a(v) + 13*s(v). Give n(2).
-1
Let l(h) be the second derivative of h**6/180 + h**5/60 - h**4/8 + h**3/6 + 2*h. Let q(k) be the second derivative of l(k). Determine q(2).
9
Let o(k) be the third derivative of -k**6/120 - k**5/20 - k**4/12 - k**3/3 - 6*k**2. Determine o(-3).
4
Let d(i) = i - 4. Let j(c) = 2*c - 8. Let u(b) = 5*d(b) - 3*j(b). Let n be (-13)/(-3) + (-2)/6. Suppose -n*q = -3*q. Determine u(q).
4
Let a(d) = 6717*d**2 + d + 0*d - 6722*d**2. What is a(1)?
-4
Let t(g) = g**3 - g**2 + 5. Let j be t(0). Suppose j*q + 1 = -19. Let k(z) = -z - 1. What is k(q)?
3
Let x(l) = l**3 - 2*l**2 - 2*l. Suppose y = -0*y - v - 2, 20 = -4*v. Calculate x(y).
3
Let a(u) be the first derivative of 3*u**2/2 + u - 4. Let z = -37 - -40. What is a(z)?
10
Let p(l) = -l - 1. Let k = -5 - -9. Let x be p(k). Let y(z) = 11*z**2 + 17*z - 23. Let a(t) = -5*t**2 - 8*t + 11. Let j(b) = 9*a(b) + 4*y(b). What is j(x)?
2
Let g be 52/(-20) - 6/15. Let s(d) = d**3 - 2*d**2 + 1. Let f(l) = -3*l**3 + 4*l**2 - 3. Suppose 4*h - h - 6 = 0. Let a(t) = h*f(t) + 5*s(t). Give a(g).
8
Suppose 0 = 2*m + 2*x - 8, x = 4*x - 15. Let p(u) = 10*u**3 - u**2 + u + 1. Calculate p(m).
-11
Let r(y) = -2*y. Let b(k) = -4*k - 2. Let w(q) = -3*q - 1. Let h(m) = -2*b(m) + 3*w(m). Let x be h(-4). Let c = x + -3. What is r(c)?
-4
Let w = -2 - -1. Let i(a) = -5*a**3 - 2*a**2 + 2*a - 4. Let b(o) = 14*o**3 + 5*o**2 - 5*o + 11. Let k(g) = 3*b(g) + 8*i(g). Give k(w).
-3
Let c(n) = -n**3 - 4*n**2 + n - 4. Let l be c(-4). Let z(s) = -s**2 - 8*s + 5. Let u be z(l). Let y be 1*(-4)/(-10)*u. Let o(p) = p**2 + 3*p - 2. Give o(y).
8
Suppose -c + 3*x = 2*c + 15, -4*c + 3*x = 17. Let o be (18/21)/((-1)/7). Let i(q) = -5*q + 3. Let k(s) = -14*s + 9. Let m(t) = o*k(t) + 17*i(t). What is m(c)?
-1
Let z(m) = -4*m**2 - 3*m. Suppose 5*r - 10 = 10*r. What is z(r)?
-10
Let o(j) be the second derivative of -j**5/20 - j. Let w be (-3 + 2)/(0 + -1). Suppose 7 + w = 4*g. What is o(g)?
-8
Let b(t) be the third derivative of t**5/60 + 5*t**4/24 - 5*t**3/6 + t**2. Let z(v) = 2*v**2 - 28*v + 90. Let i be z(8). Give b(i).
1
Suppose 3*y + 14 = -4*b, -y + 3*y = 4*b + 24. Let u(p) = p**3 - 6*p**2 + 2*p + 1. What is u(y)?
-11
Let h(i) = 4*i + 0 - 6 + 2*i - 4*i. Give h(8).
10
Let i = -6 + 11. Suppose -3*y + 7 = -4*x, 0*x = 5*x + i*y - 35. Suppose 0 = x*z + 2*z - 12. Let k(b) = -b. Determine k(z).
-3
Let a(n) = 2*n + 1. Let c be (3 - (0 - -1)) + 3. Let d(i) = i. Let b(g) = c*d(g) - 4*a(g). Calculate b(-3).
5
Let x(o) = o**2 + o + 10. Let s be 8/(-36) + (-112)/(-18). Let w = 6 - s. What is x(w)?
10
Let r(h) = h**2 + 8 + 3*h**2 - 5 - 6*h**2 + 4*h. Calculate r(4).
-13
Let d(i) be the first derivative of -3*i**2 - i + 3. Calculate d(-2).
11
Let x = 15 - 12. Let k(m) = -m**3 - m**2 + x*m**2 - 3*m - m**2 + 2*m**2. Suppose 3*f + 2*v - 4 = 0, 2*f - 4*v = -2*f + 12. What is k(f)?
-2
Let g(f) = -6*f**3 - 3*f**2 + f + 6. Let y(u) = -5*u**3 - 3*u**2 + u + 5. Let s(t) = 4*g(t) - 5*y(t). What is s(-3)?
2
Let u(g) = 48 + 2*g**3 + 2*g**2 + 44 - 91 + 2*g - g**2. Calculate u(-1).
-2
Let k(c) = -c**2 - 7*c - 5. Let b(p) = p**2 + 7*p + 5. Let r(j) = -4*b(j) - 3*k(j). Let y = 153 